) = 7*d(s) - 4*g(s). Calculate c(l).
1
Let g(n) = -n**3 - 2*n**2 + 3*n - 17. Let c be g(-4). Let r(t) be the first derivative of -2 - 1/3*t**3 - 5*t + c*t**2. Calculate r(4).
3
Let f(t) be the third derivative of -t**5/30 - t**4/6 - t**3/2 + t**2 + 20. What is f(-3)?
-9
Let x(p) be the third derivative of -1/12*p**5 - p**3 + 0*p**4 + 0 + 9*p**2 + 0*p - 1/120*p**6. Calculate x(-5).
-6
Suppose 4 = c + 2. Let o(a) = 10 + 0 - 3 - 3 + a**c - 5*a. Calculate o(6).
10
Let x(p) be the first derivative of p**3/3 - p**2/2 + 5*p - 1. Let t be -16*(93/(-42) + (-4)/14). Let j = 40 - t. What is x(j)?
5
Let q(i) = i - 5. Let y(p) = p**3 + 13*p**2 + 13*p + 14. Let f be y(-12). Suppose 4*b + z + 26 = 3*z, -z - 11 = f*b. Give q(b).
-11
Let s(q) = -2*q**2 + 9*q - 5*q**2 - 190194 + 190195 + q**3 - 4*q**2. What is s(10)?
-9
Let t be 2*(-3 - -4) + -2. Let r(c) = -7 + 2 + t - 4 - c**2 + 8*c. Determine r(6).
3
Suppose 24 = 2*m + 4. Let n be (12/m)/(5/(-25)). Let g(y) = -16*y - 10. Let b(z) = 3*z + 2. Let i(u) = -11*b(u) - 2*g(u). Calculate i(n).
4
Let s(t) = -27*t + 43*t - 18*t. Let w(i) = -i**3 - 2*i**2 + 2*i + 3. Let j be w(-2). Give s(j).
2
Let f = -211 + 212. Let g(i) = -f + 28*i - 52*i + 20*i + i**3 + 3*i**2. Let j = -6 - -3. Give g(j).
11
Let n(k) = -3*k + 2. Let z(t) = 2*t + 1. Let c(o) = n(o) - 3*z(o). Let x be 2/4*4 + 2. Let l = 3 - x. Determine c(l).
8
Let d(f) be the first derivative of f**3 + 5*f**2 - 5*f + 4. Let h(k) = 4*k**2 + 11*k - 6. Let w(a) = -3*d(a) + 2*h(a). What is w(-6)?
15
Let s = 72 + -65. Suppose 4*n + 2*v = 14, -2*v - 3*v = n + 1. Let c(t) = 1 + n*t - s*t + t. Calculate c(-4).
9
Let g(o) = o**3 - 2*o**2 - 1. Let n(u) = 5*u**3 - 6*u**2 + 3*u - 11. Let s(i) = -6*g(i) + n(i). Determine s(6).
13
Let y(h) be the first derivative of 5*h**2/2 - 2. Suppose -4*w = 6 - 38. Let g(t) = t**2 - 10*t + 19. Let r be g(w). Determine y(r).
15
Let r(w) = 0*w**3 - w**3 + 3 - 3*w + 3*w**2 + 2*w + 0*w. Let b(l) = 39*l + 432. Let g be b(-11). Determine r(g).
0
Let a(f) = -f**3 - 5*f**2 + 3*f - 6. Let x be 970/(-35) + (-4)/14. Let b = 22 + x. Determine a(b).
12
Let l(y) = y - 1. Let o be 0 - (1 - 0)*-14. Suppose -3*a + 2*a = 13. Let h = a + o. Calculate l(h).
0
Let k(b) = -6*b + 3*b**2 + b**3 + 1 + 11*b - 9*b - 3. Suppose 0*o = 5*o - 25. Suppose o*j - 2*d + 18 = -0, 2*j = -2*d - 10. What is k(j)?
-2
Let k(y) = 2*y - 6. Let m(l) = l**2 + 9*l + 1. Let z be m(-9). Let u(h) = -h - 17 - 4*h + 2*h + z. Let p be u(-7). What is k(p)?
4
Let o(f) = -5*f - 1. Let z(k) = -5*k - 2. Let b(m) = -2*o(m) + 3*z(m). What is b(-2)?
6
Let k(j) be the third derivative of 26*j**2 + 1/2*j**3 - 1/24*j**4 + 0*j + 0. Calculate k(6).
-3
Let w be ((-3)/(-6))/((-1)/6). Let n(v) = 13*v + 3. What is n(w)?
-36
Let l(s) = -s**2 + s - 2. Let v be (1 + 2)*(4 + 1 + -4). Let p be 0/(5 + -3 - v). What is l(p)?
-2
Suppose -r - 8 = -3*n + 6, 0 = -r - 2. Let s be (n - 2)*(5/2)/(-5). Let w(h) = -12*h - 1. Calculate w(s).
11
Let r = 0 - -3. Let n(j) = 22*j**2 - 15*j + 9. Let k(w) = -7*w**2 + 5*w - 3. Let u(p) = -19*k(p) - 6*n(p). What is u(r)?
-3
Let r(h) = -h + 6. Let g = 168 - 174. Determine r(g).
12
Let b(r) = r**3 - 2*r**2 - 4*r + 2. Suppose -2*g + g + 56 = 4*m, -5*g + 42 = 3*m. Let i = m - 3. Suppose 4 = 5*x - i. Calculate b(x).
-1
Suppose 112 = 4*d - z, -4*d + 66 = -2*d - 3*z. Suppose 143*l = 127*l + 384. Suppose l - d = -g. Let b(k) = -k**2 + 4*k - 1. Calculate b(g).
2
Suppose 10 = 49*c - 44*c. Let a(i) = -6*i + i**2 - 1 + 3*i + i + c. Determine a(2).
1
Suppose -3*m = -4*o - 31, 17 = -6*o + 3*o + m. Let r be 2/(-1 + (-12)/o). Let g(w) be the second derivative of w**4/4 + w**3/6 - w. Calculate g(r).
4
Let v(u) = u**2 + 2*u - 2. Suppose 6 = -3*z, 11 = -3*c + 4*z + 49. Let t = -6 + c. Let b be (-3)/1 + 0/t. Give v(b).
1
Let v(n) be the first derivative of n**2 - 10*n - 1. Let m be (-2)/(-4)*(0/(-6))/2. Suppose m = 65*g - 73*g + 64. Give v(g).
6
Let j = 363 + -372. Let p(v) = v**2 + 12*v + 22. Calculate p(j).
-5
Let v(w) = -17*w - 13. Let p(q) = -38*q - 29. Let k(a) = -4*p(a) + 9*v(a). Let c = 1 + 1. Give k(c).
-3
Let x(d) be the second derivative of 1/6*d**3 + 0*d**4 - 6*d**2 - 1/20*d**5 + 0 + 7*d. Give x(0).
-12
Let o = 125 - 128. Let u(j) be the third derivative of -j**4/24 + j**3/2 + 4*j**2. Calculate u(o).
6
Let x(f) = -7*f - 16. Let k(j) = -4*j - 9. Let i(n) = -11*k(n) + 6*x(n). Let b be -2 + 3/3 - -2. Let y be -2 - (1 + -1 + b). Calculate i(y).
-3
Let x(l) = -6*l**2 + 13*l - 18. Let g(s) = -7*s**2 + 14*s - 20. Let y(m) = -5*g(m) + 6*x(m). Calculate y(9).
-17
Let c(d) = 21*d - 7 - 54*d + 16*d + 21*d. What is c(6)?
17
Let u(f) = 355616*f - 355577*f - 27 - 5*f**2 + 3*f**2 + 4*f**2. Give u(-20).
-7
Let q(d) = -10 - 7 + 24 + 2*d. Give q(-3).
1
Suppose 0*h - 4*h + 60 = 0. Let b(i) = -h*i - 2 + 16*i - 1. Determine b(-3).
-6
Suppose 5*r = 4*p + p - 60, -r - 51 = -4*p. Let q(m) = m - 29. Determine q(p).
-16
Let p(h) = -2*h + 4 - 2 + 7*h**2 - 5 + 1. Let j(l) = l**3 + l**2 - l - 1. Let i(u) = j(u) - p(u). What is i(6)?
7
Let n(h) = 5*h**3 + 13*h**2 - 18*h - 19. Let b(i) = 3*i**3 + 6*i**2 - 9*i - 10. Let p(j) = 7*b(j) - 4*n(j). What is p(9)?
6
Let v(g) = -8*g - 927*g**3 + 4 - 7*g**2 + 926*g**3 - 2*g**2. Determine v(-8).
4
Suppose -29*n + 14 = -73. Let h(t) = -5*t**2 + 7*t + 1. Let r(x) = -6*x**2 + 8*x + 1. Let a(i) = -4*h(i) + 3*r(i). Calculate a(n).
5
Let q(n) be the third derivative of 1/8*n**4 + 0*n + 0 - 1/2*n**3 - 9*n**2. Determine q(3).
6
Suppose -5*l + 6*l + 2 = 0. Let u(x) = 1. Let g(k) = -k - 10. Let c(q) = l*g(q) - 14*u(q). What is c(-8)?
-10
Let l(y) be the third derivative of y**4/8 - 7*y**2. Let o(w) = w**2 - 7*w - 12. Let k be o(9). Suppose 1 = -u - 3*n - k, 2*n = -u - 4. Determine l(u).
6
Let v(u) be the second derivative of u**4/6 - u**2/2 - 2*u. Let r be v(-1). Let s(p) = 5*p**2 + r + 6*p + 3*p**2 + p**3 - 1 - 5. Calculate s(-7).
2
Let q = -2198 - -2205. Let s(x) = -2*x**3 + 14*x**2 + x - 1. Determine s(q).
6
Let t(l) be the second derivative of l**3/3 - 5*l**2/2 + l. Let g be 724/26 - (-4)/26. Suppose -3*r + g = 4*r. Calculate t(r).
3
Suppose 63*d + 161 + 79 = -57*d. Let q(v) be the second derivative of -1/2*v**2 + 0 - 1/2*v**3 - v. Determine q(d).
5
Suppose 4*h = -3*s - 7, -3*s = h - 3*h + 19. Let p(l) = 3*l**2 - 45*l + 2. Let r be p(15). Let q(c) = -2 + 4 + 5 + 3*c - 25*c**r + 24*c**h. What is q(6)?
-11
Suppose -6*b = -b + 3*f + 16, 14 = -3*b - 4*f. Let c be ((-10)/20)/(b/20). Let d(l) = l. Give d(c).
5
Suppose 0*h + 2*h = 0. Let o(j) = -2*j + 4*j - 4 + h*j - 4*j. Suppose -2*n + 3*n + 1 = 0, n + 16 = 5*y. Calculate o(y).
-10
Let h(p) = p**2 + 5*p - 8. Let m be -141*3/(-36) + (-1)/(-4). Let q = m + -18. Calculate h(q).
-2
Let x be 14/(-8) + (-1)/4. Let t(r) be the first derivative of -2*r**2 - 3*r + 723. Determine t(x).
5
Let p(v) be the first derivative of -5*v**4/4 + 2*v**3/3 - v - 1. Calculate p(1).
-4
Let v(o) = -10*o**2 + 1. Suppose t - 3 = -15. Let z be -2 - t/4 - -1. Let c be (z - 0)*-1 + 1. Determine v(c).
-9
Let p(d) = -d**2 - 9*d + 122. Let z be p(0). Let n = z + -127. Let y(w) = -w + 2. Give y(n).
7
Let r(h) = -h**3 + 9*h**2 - 3*h - 7. Let w(y) = y**3 - 8*y**2 + 2*y + 6. Let f(s) = -5*r(s) - 6*w(s). Let l = 59 + -55. What is f(l)?
-5
Let g(j) be the first derivative of j**2/2 - 12*j - 279. Give g(15).
3
Suppose 0 = 3*d + o + 7, 2 + 2 = 4*d - 2*o. Let z(t) = -t - 1. What is z(d)?
0
Let f(l) = -227*l**2 + 3*l + 218*l**2 + l**3 + 6*l - 17 + 7 - 2*l. Determine f(8).
-18
Let o(h) = -h**3 - 3*h**2 - 2*h. Suppose -3*m = -0*m. Suppose m*d = -4*d - 8. Determine o(d).
0
Let w(k) = -3*k**2 - 5. Let b(y) = 29*y - 584. Let i be b(20). What is w(i)?
-53
Let j(m) = -5*m**3 - 62*m**2 - 69*m - 15. Let l(r) = r**3 + 12*r**2 + 14*r + 3. Let s(b) = -2*j(b) - 11*l(b). What is s(-5)?
2
Let x(w) be the first derivative of -w**4/4 + w**3/3 - 2*w**2 + 3*w - 1. Let v be 10/(-8)*136/(-85). Determine x(v).
-9
Let v(z) = -z**2 + 2*z + 2. Suppose -2*r = 3*y - 270, -4*y + 254 = -3*r - 89. Let q = y + -90. Determine v(q).
-6
Let a(t) = 2*t**2 + 9*t + 9. Suppose -37*v = 64*v + 707. Determine a(v).
44
Let f(s) = -4*s**2 + 21*s + 24. Let m(c) = 5*c**2 - 23*c - 24. Let a(r) = -6*f(r) - 5*m(r). Give a(-8).
0
Let h(t) = 4*t - 1. Let c(q) = 11*q - 12. Let b(l) = c(l) - 2*h(l). Calculate b(7).
11
Let k(u) = -2*u**